is the units digit of 869659774?
4
What is the tens digit of 2602724356?
5
What is the ten thousands digit of 85668825?
6
What is the ten thousands digit of 3046219495?
1
What is the ten thousands digit of 5589226209?
2
What is the ten millions digit of 78181758?
7
What is the tens digit of 1029298185?
8
What is the hundreds digit of 672669800?
8
What is the millions digit of 959416180?
9
What is the millions digit of 863878994?
3
What is the thousands digit of 562522503?
2
What is the hundred thousands digit of 67894771?
8
What is the tens digit of 9037562?
6
What is the thousands digit of 38684941?
4
What is the hundred thousands digit of 566243905?
2
What is the hundred thousands digit of 84193654?
1
What is the millions digit of 1440600205?
0
What is the hundred thousands digit of 2628295833?
2
What is the hundred millions digit of 4196483503?
1
What is the millions digit of 29108656?
9
What is the hundreds digit of 145561592?
5
What is the ten thousands digit of 111793491?
9
What is the ten millions digit of 132419621?
3
What is the tens digit of 457151384?
8
What is the thousands digit of 14314753?
4
What is the units digit of 45469891?
1
What is the hundreds digit of 12552294?
2
What is the ten thousands digit of 141579150?
7
What is the millions digit of 732451429?
2
What is the hundred millions digit of 245926834?
2
What is the ten millions digit of 124697807?
2
What is the hundreds digit of 2219328842?
8
What is the ten millions digit of 90664098?
9
What is the hundred millions digit of 3348637514?
3
What is the ten millions digit of 5159383734?
5
What is the ten thousands digit of 468432245?
3
What is the ten thousands digit of 41191804?
9
What is the hundreds digit of 209571154?
1
What is the ten thousands digit of 973808469?
0
What is the ten thousands digit of 491254785?
5
What is the thousands digit of 1127330970?
0
What is the thousands digit of 4100718353?
8
What is the millions digit of 861275888?
1
What is the thousands digit of 194175471?
5
What is the units digit of 12033630?
0
What is the thousands digit of 32024057?
4
What is the millions digit of 44511280?
4
What is the hundred thousands digit of 2584114783?
1
What is the tens digit of 76346645?
4
What is the millions digit of 9704890?
9
What is the tens digit of 30540595?
9
What is the tens digit of 2193604347?
4
What is the tens digit of 442703504?
0
What is the units digit of 41055389?
9
What is the millions digit of 1994452720?
4
What is the ten thousands digit of 1495385578?
8
What is the ten millions digit of 35446800?
3
What is the millions digit of 74184238?
4
What is the ten millions digit of 574069162?
7
What is the tens digit of 2470407687?
8
What is the ten millions digit of 1724727764?
2
What is the hundred thousands digit of 31759425?
7
What is the thousands digit of 49337019?
7
What is the hundreds digit of 283529773?
7
What is the millions digit of 2616712485?
6
What is the hundred millions digit of 737305614?
7
What is the hundred thousands digit of 57994225?
9
What is the tens digit of 36964806?
0
What is the hundreds digit of 294457366?
3
What is the ten millions digit of 70750679?
7
What is the hundreds digit of 44932716?
7
What is the ten thousands digit of 100353308?
5
What is the ten millions digit of 715378784?
1
What is the hundred thousands digit of 68254862?
2
What is the millions digit of 114136217?
4
What is the hundred millions digit of 2002321797?
0
What is the hundred thousands digit of 438541081?
5
What is the units digit of 57837556?
6
What is the tens digit of 164244990?
9
What is the hundred thousands digit of 108944581?
9
What is the ten millions digit of 4550084654?
5
What is the millions digit of 2882763673?
2
What is the thousands digit of 905524065?
4
What is the ten millions digit of 113716179?
1
What is the units digit of 5960373837?
7
What is the millions digit of 1357327105?
7
What is the ten millions digit of 321038964?
2
What is the hundred millions digit of 102176429?
1
What is the ten millions digit of 3042217111?
4
What is the hundreds digit of 240031408?
4
What is the hundreds digit of 4611887862?
8
What is the thousands digit of 2703276330?
6
What is the hundred millions digit of 1561984597?
5
What is the ten thousands digit of 9305934?
0
What is the thousands digit of 489633721?
3
What is the tens digit of 56404932?
3
What is the hundreds digit of 17428168?
1
What is the ten thousands digit of 375922808?
2
What is the hundreds digit of 926693?
6
What is the thousands digit of 64772905?
2
What is the millions digit of 68297614?
8
What is the tens digit of 83039139?
3
What is the ten thousands digit of 16136673?
3
What is the ten thousands digit of 28736213?
3
What is the units digit of 105441140?
0
What is the ten millions digit of 1427438517?
2
What is the ten millions digit of 3421119722?
2
What is the ten thousands digit of 96390702?
9
What is the tens digit of 9463019?
1
What is the hundred thousands digit of 16408073?
4
What is the tens digit of 444846381?
8
What is the thousands digit of 109884822?
4
What is the millions digit of 7597568?
7
What is the thousands digit of 240510214?
0
What is the hundred thousands digit of 734898705?
8
What is the ten thousands digit of 3761807305?
0
What is the hundred thousands digit of 1097237179?
2
What is the hundred millions digit of 955870256?
9
What is the units digit of 313580164?
4
What is the hundred thousands digit of 782018004?
0
What is the ten thousands digit of 60759118?
5
What is the units digit of 86192466?
6
What is the tens digit of 253937924?
2
What is the millions digit of 1807427091?
7
What is the hundreds digit of 5253473911?
9
What is the tens digit of 1878605271?
7
What is the hundreds digit of 729113429?
4
What is the ten millions digit of 76385087?
7
What is the hundreds digit of 1459865322?
3
What is the tens digit of 16773896?
9
What is the ten millions digit of 461407901?
6
What is the tens digit of 1024261449?
4
What is the hundred millions digit of 1818667497?
8
What is the tens digit of 91442153?
5
What is the thousands digit of 4284947360?
7
What is the millions digit of 42936200?
2
What is the hundred thousands digit of 84803842?
8
What is the ten thousands digit of 341898131?
9
What is the thousands digit of 940655581?
5
What is the thousands digit of 214002658?
2
What is the hundreds digit of 42419309?
3
What is the tens digit of 65212002?
0
What is the hundred millions digit of 212833850?
2
What is the hundred millions digit of 151703833?
1
What is the billions digit of 8547634035?
8
What is the hundred millions digit of 166463792?
1
What is the millions digit of 62143318?
2
What is the units digit of 21844306?
6
What is the ten millions digit of 159425666?
5
What is the hundred millions digit of 788092836?
7
What is the units digit of 1697221823?
3
What is the tens digit of 66336261?
6
What is the thousands digit of 4653906941?
6
What is the thousands digit of 224303114?
3
What is the hundred millions digit of 2004014720?
0
What is the hundreds digit of 31698606?
6
What is the thousands digit of 1047866225?
6
What is the ten millions digit of 77513897?
7
What is the hundred thousands digit of 44575661?
5
What is the ten millions digit of 8420685281?
2
What is the units digit of 385222309?
9
What is the ten thousands digit of 518878380?
7
What is the ten millions digit of 52442095?
5
What is the thousands digit of 484550524?
0
What is the thousands digit of 4052519668?
9
What is the hundred thousands digit of 330585872?
5
What is the millions digit of 147615198?
7
What is the tens digit of 593929127?
2
What is the units digit of 1902634293?
3
What is the hundred millions digit of 410520167?
4
What is the thousands digit of 170248654?
8
What is the tens digit of 134385474?
7
What is the hundred thousands digit of 2411657340?
6
What is the ten millions digit of 755250137?
5
What is the tens digit of 605104440?
4
What is the ten millions digit of 326323603?
2
What is the hundred thousands digit of 1207863363?
8
What is the units digit of 2230060242?
2
What is the hundred thousands digit of 1791546801?
5
What is the units digit of 84998022?
2
What is the thousands digit of 424613780?
3
What is the ten thousands digit of 174523097?
2
What is 